vide 49011056?
False
Is 222043136 a multiple of 28?
True
Is 2253 a factor of 396059376?
True
Is 37 a factor of 42296052?
False
Is 6680 a factor of 3246473320?
True
Is 896577056 a multiple of 16?
True
Does 3914 divide 505469616?
True
Is 59321360 a multiple of 1702?
False
Does 164 divide 11711316?
False
Does 2179 divide 23805575?
True
Is 10 a factor of 24754317?
False
Is 75425566 a multiple of 1228?
False
Is 124545448 a multiple of 3464?
False
Is 70 a factor of 41617949?
False
Does 554 divide 11897704?
True
Does 8 divide 218803505?
False
Is 318044285 a multiple of 492?
False
Is 1859 a factor of 36232796?
False
Does 2 divide 35191199?
False
Is 57 a factor of 1355204843?
False
Is 221686274 a multiple of 12?
False
Does 186 divide 117635328?
True
Does 2256 divide 451944480?
True
Is 1006 a factor of 73760759?
False
Is 3 a factor of 727915906?
False
Does 63 divide 791011531?
False
Does 292 divide 34246290?
False
Does 113 divide 9814502?
True
Is 47 a factor of 19470831?
True
Is 73639430 a multiple of 4?
False
Does 9 divide 3693321?
True
Is 7 a factor of 2050207338?
False
Is 225019010 a multiple of 35?
False
Does 959 divide 99364568?
False
Is 7 a factor of 352454768?
False
Is 622 a factor of 702812106?
True
Is 1418 a factor of 48263048?
True
Does 36 divide 15103958?
False
Is 633 a factor of 291060987?
False
Does 30 divide 264420742?
False
Is 36 a factor of 29778933?
False
Does 31 divide 13630625?
False
Does 120 divide 581443680?
True
Is 121 a factor of 102819496?
False
Is 3525797804 a multiple of 1502?
True
Is 434 a factor of 386064266?
True
Is 65 a factor of 2211902?
False
Is 1343 a factor of 22261568?
True
Is 7 a factor of 63679728?
True
Is 769304341 a multiple of 8011?
True
Does 41 divide 50362254?
False
Is 23997896 a multiple of 112?
False
Is 1618392576 a multiple of 24?
True
Does 319 divide 54783682?
False
Is 39737160 a multiple of 9?
True
Is 760554600 a multiple of 150?
True
Does 12 divide 73767156?
True
Does 431 divide 28860619?
False
Is 30 a factor of 16777121?
False
Is 39 a factor of 17853338?
False
Is 243 a factor of 12400776?
True
Is 50 a factor of 9003958?
False
Does 4815 divide 1348797060?
True
Is 216 a factor of 82315217?
False
Does 278 divide 77458650?
False
Is 24 a factor of 44466600?
True
Is 108 a factor of 32862399?
False
Is 3 a factor of 85138296?
True
Does 23 divide 3811555423?
True
Is 62480149 a multiple of 14?
False
Does 16 divide 2089299088?
True
Is 998 a factor of 18126736?
False
Does 325 divide 4988677?
False
Is 207 a factor of 1440306?
True
Is 410947847 a multiple of 1180?
False
Does 41 divide 11108483?
False
Is 11670680 a multiple of 56?
True
Is 2596587 a multiple of 15?
False
Is 3275382 a multiple of 11?
True
Is 68 a factor of 1456037080?
True
Does 32 divide 1269943501?
False
Is 143 a factor of 100317360?
True
Does 13 divide 207312663?
False
Does 5 divide 27291359?
False
Does 14 divide 69335994?
True
Does 260 divide 19597240?
True
Is 9 a factor of 300231693?
True
Is 56819215 a multiple of 19?
True
Is 402 a factor of 1185085950?
True
Is 86 a factor of 35389787?
False
Is 66075583 a multiple of 222?
False
Is 99 a factor of 33978661?
False
Does 18 divide 3626887530?
False
Does 15 divide 8461095?
True
Does 1190 divide 101379670?
True
Does 3512 divide 130228200?
False
Is 136 a factor of 4018734448?
True
Does 91 divide 44966194?
True
Is 19765777 a multiple of 14?
False
Is 245614665 a multiple of 863?
False
Is 11627600 a multiple of 5?
True
Is 33845980 a multiple of 340?
True
Is 81 a factor of 723251095?
False
Is 85440986 a multiple of 87?
False
Does 6533 divide 494240930?
False
Is 178170690 a multiple of 201?
False
Is 17 a factor of 7611957?
False
Is 706 a factor of 44801348?
True
Is 148335489 a multiple of 274?
False
Is 107415826 a multiple of 34?
True
Is 23851412 a multiple of 85?
False
Is 470769940 a multiple of 305?
True
Is 9143952 a multiple of 197?
True
Is 296 a factor of 158414013?
False
Is 7 a factor of 190423709?
True
Is 27827540 a multiple of 52?
True
Is 425106079 a multiple of 317?
False
Does 1113 divide 1203008514?
False
Is 923489718 a multiple of 26?
False
Is 128 a factor of 53116800?
True
Does 36 divide 97828125?
False
Is 22650024 a multiple of 657?
False
Does 1454 divide 122682704?
True
Is 451329367 a multiple of 8?
False
Does 6852 divide 3023819301?
False
Is 332298915 a multiple of 4826?
False
Is 3075 a factor of 484140300?
True
Does 17 divide 20876715?
False
Is 9 a factor of 11594504?
False
Is 1187 a factor of 336983147?
False
Does 1192 divide 17191024?
True
Is 763 a factor of 69085835?
True
Does 42 divide 39353622?
True
Does 309 divide 291060912?
False
Is 2277692833 a multiple of 2394?
False
Is 181749960 a multiple of 2610?
True
Is 70056683 a multiple of 31?
True
Is 50688284 a multiple of 86?
False
Is 53992755 a multiple of 15?
True
Is 12425912 a multiple of 1277?
False
Does 5426 divide 11418508?
False
Is 6114384 a multiple of 187?
False
Is 61548503 a multiple of 476?
False
Does 202 divide 220649044?
True
Is 15 a factor of 72040365?
True
Is 752 a factor of 202631664?
True
Is 220700475 a multiple of 853?
False
Is 124 a factor of 38957452?
True
Is 11225 a factor of 974574867?
False
Is 485 a factor of 339078767?
False
Does 2242 divide 125373872?
False
Is 236135185 a multiple of 13?
True
Is 19 a factor of 34948756?
False
Is 4927984 a multiple of 317?
False
Does 172 divide 37510448?
True
Is 12 a factor of 61794084?
True
Is 76537872 a multiple of 18?
True
Is 28077053 a multiple of 19?
False
Is 12190370 a multiple of 53?
False
Is 56 a factor of 19990856?
False
Does 67 divide 17816530?
False
Does 14 divide 87746540?
True
Does 923 divide 9705345?
True
Does 49 divide 408033488?
False
Does 230 divide 730248390?
True
Is 35 a factor of 453575815?
True
Is 3494409389 a multiple of 690?
False
Does 3837 divide 389239026?
False
Does 667 divide 3123744?
False
Is 4 a factor of 1287712?
True
Is 102913110 a multiple of 90?
True
Is 639460942 a multiple of 2593?
False
Is 2104263552 a multiple of 32?
True
Does 235 divide 768530840?
True
Is 106862525 a multiple of 70?
False
Is 1316 a factor of 16784264?
True
Is 95 a factor of 24076515?
True
Is 2264947 even?
False
Is 31 a factor of 21887178?
True
Does 39 divide 1991808?
True
Is 287773486 a multiple of 7?
True
Is 31831412 a multiple of 34?
True
Is 832 a factor of 19495837?
False
Does 3 divide 23029162?
False
Is 19175941 a multiple of 45?
False
Does 2440 divide 280487760?
True
Is 12 a factor of 6889896?
True
Is 13 a factor of 30582638?
False
Is 32 a factor of 979557647?
False
Is 141743901 a multiple of 269?
True
Is 34410629 a multiple of 973?
False
Is 1396 a factor of 344345736?
True
Is 119505560 a multiple of 148?
True
Does 49 divide 54790575?
True
Does 26 divide 1853738276?
True
Is 35193683 a multiple of 588?
False
Does 100 divide 128426200?
True
Is 689449269 a multiple of 961?
True
Does 104 divide 3982908?
False
Is 12 a factor of 16356526?
False
Does 14 divide 66883418?
True
Is 174584032 a multiple of 548?
True
Is 841 a factor of 421625258?
True
Does 2315 divide 119801250?
True
Does 491 divide 16787290?
True
Does 2732 divide 642590710?
False
Is 19 a factor of 2211657779?
True
Is 195 a factor of 40702901?
False
Is 780269112 a multiple of 644?
True
Is 18992821 a multiple of 44?
False
Is 7377743087 a multiple of 767?
True
Is 47 a factor of 506875965?
True
Is 1890661 a multiple of 12?
False
Is 1706 a factor of 102097276?
True
Is 29771935 a multiple of 1205?
True
Is 265 a factor of 38384490?
False
Is 3123 a factor of 974073069?
True
Is 21537792 a multiple of 673?
False
Is 1013913831 a multiple of 8902?
False
Is 44 a factor of 524682764?
False
Does 152 divide 38481536?
True
Does 57 divide 1189060?
False
Is 3929072090 a multiple of 1186?
False
Is 138 a factor of 201130384?
False
Is 43832824 a multiple of 436?
True
Is 500 a factor of 261095350?
False
Is 2 a factor of 69637629?
False
Is 124 a factor of 7106510?
False
Is 147 a factor of 60057679?
False
Does 556 divide 28186976?
True
Is 175 a factor of 563728900?
True
Is 1121941 a multiple of 48?
False
Does 263 divide 12532213?
True
Is 232012836 a multiple of 1782?
True
Is 212926 even?
True
Is 784 a factor of 30290624?
True
Does 2028 divide 254110740?
False
Is 375085728 a multiple of 96?
True
Is 26484315 a multiple of 44?
False
Is 5088348 a multi